 a factor of 184129628?
False
Does 312 divide 4880297?
False
Does 9 divide 2317700790?
True
Does 88 divide 1112835152?
True
Is 14883509 a multiple of 433?
True
Is 56604832 a multiple of 42?
False
Is 5546751 a multiple of 11?
False
Is 2533101533 a multiple of 73?
True
Does 1316 divide 15047144?
True
Is 5479013273 a multiple of 890?
False
Does 14 divide 177893982?
True
Is 628 a factor of 34290684?
True
Does 1363 divide 2046312790?
True
Is 114 a factor of 66697432?
False
Is 2561299888 a multiple of 3899?
True
Is 126497056 a multiple of 322?
True
Does 64 divide 1240443?
False
Does 38 divide 2537915?
False
Is 7 a factor of 8001631?
False
Does 743 divide 21912578?
False
Does 24 divide 64481607?
False
Is 162 a factor of 607997664?
True
Is 395 a factor of 3617805?
True
Is 948203987 a multiple of 978?
False
Is 5 a factor of 707367274?
False
Does 130 divide 357397837?
False
Is 4827 a factor of 195860352?
True
Is 32185735 a multiple of 773?
False
Is 876424315 a multiple of 112?
False
Is 1663990196 a multiple of 74?
True
Is 761883537 a multiple of 130?
False
Is 4496283 even?
False
Is 633 a factor of 2522820?
False
Is 16 a factor of 467824?
True
Is 335 a factor of 1129367?
False
Is 265119624 a multiple of 1683?
True
Is 910902321 a multiple of 3?
True
Is 31 a factor of 95516500?
False
Is 37 a factor of 1508570179?
True
Is 754744224 a multiple of 3908?
True
Is 96825037 a multiple of 139?
True
Does 12 divide 387977380?
False
Does 121 divide 1367633?
False
Is 449306287 a multiple of 130?
False
Is 1130124 a multiple of 6?
True
Is 240831342 a multiple of 11?
False
Is 766 a factor of 180607897?
False
Does 537 divide 588794187?
True
Does 12 divide 276570969?
False
Does 10 divide 286028840?
True
Does 144 divide 357624742?
False
Does 14 divide 333991238?
True
Is 135059176 a multiple of 37?
True
Is 1644653248 a multiple of 64?
True
Is 232 a factor of 731496?
True
Is 758543464 a multiple of 56?
True
Is 3767047776 a multiple of 48?
True
Is 376043760 a multiple of 6?
True
Is 785 a factor of 1882430?
True
Does 172 divide 4247327408?
True
Is 98 a factor of 63815052?
True
Is 46 a factor of 28294922?
True
Does 151 divide 19463749?
True
Is 6494720 a multiple of 430?
True
Does 256 divide 1605032448?
True
Is 3018 a factor of 481790502?
True
Is 60 a factor of 19925880?
True
Does 635 divide 1975572566?
False
Is 7271015 even?
False
Is 127045540 a multiple of 3435?
False
Does 158 divide 150038026?
False
Does 9 divide 147861198?
True
Is 12 a factor of 65393964?
True
Is 23 a factor of 251810624?
True
Does 77 divide 54519964?
False
Is 146 a factor of 27474993?
False
Is 7 a factor of 747940538?
False
Is 516 a factor of 38547780?
True
Is 104437086 a multiple of 1326?
True
Is 4307 a factor of 2228881114?
True
Is 1335 a factor of 275855055?
True
Does 24 divide 20885242?
False
Is 30 a factor of 744534971?
False
Is 272 a factor of 761518067?
False
Is 59 a factor of 9908932?
True
Is 355311971 a multiple of 207?
False
Is 8949756 a multiple of 1480?
False
Is 195114966 a multiple of 526?
True
Is 115 a factor of 116846900?
True
Is 73 a factor of 329871305?
True
Is 111411959 a multiple of 398?
False
Is 79519800 a multiple of 50?
True
Does 3652 divide 278326224?
True
Is 6 a factor of 14445042?
True
Is 24319041 a multiple of 18?
False
Is 938865257 a multiple of 67?
False
Is 9344991 a multiple of 7?
False
Does 972 divide 69384718?
False
Does 10 divide 190872330?
True
Does 2753 divide 127327830?
False
Does 30 divide 9220394040?
True
Does 19 divide 20229870?
True
Does 26 divide 2577981466?
False
Is 292342642 a multiple of 199?
False
Is 42442736 a multiple of 16?
True
Does 840 divide 104443343?
False
Does 35 divide 308384020?
True
Does 466 divide 986185082?
True
Is 61862157 a multiple of 931?
True
Is 2214848 a multiple of 4?
True
Is 106 a factor of 261400954?
False
Is 1308 a factor of 455141651?
False
Is 19638016 a multiple of 16?
True
Is 761771991 a multiple of 4395?
False
Is 1078494442 a multiple of 80?
False
Is 91 a factor of 62085933?
True
Is 330784961 a multiple of 29?
False
Does 361 divide 84403244?
True
Is 9 a factor of 121466608?
False
Is 253 a factor of 16067769?
False
Is 41002890 a multiple of 15?
True
Is 12 a factor of 126315120?
True
Is 644689250 a multiple of 180?
False
Is 105 a factor of 26568465?
True
Does 504 divide 96556320?
True
Is 179787543 a multiple of 21?
False
Does 44 divide 12698389?
False
Does 1319 divide 876453686?
False
Is 148321283 a multiple of 297?
False
Does 885 divide 41322420?
True
Does 908 divide 130875488?
True
Does 450 divide 9340904?
False
Is 20 a factor of 114713980?
True
Is 17 a factor of 18081252?
False
Is 154325002 a multiple of 5?
False
Does 71 divide 33005742?
False
Is 17 a factor of 110295524?
True
Is 191 a factor of 18177088?
True
Is 364796904 a multiple of 1526?
False
Is 20650878 a multiple of 18?
True
Does 58 divide 82723869?
False
Is 144 a factor of 40467024?
True
Does 26 divide 1516036?
False
Is 4 a factor of 58345074?
False
Does 1558 divide 6866372?
False
Is 557857935 a multiple of 27?
True
Is 7592310 a multiple of 198?
True
Does 506 divide 1080713?
False
Is 28987910 a multiple of 70?
True
Is 246507471 a multiple of 1623?
False
Does 7 divide 21280549?
False
Is 1709 a factor of 822428450?
False
Does 8 divide 1304710640?
True
Is 225 a factor of 59734800?
True
Is 1264 a factor of 30771471?
False
Is 62 a factor of 14775655?
False
Is 410226740 a multiple of 24?
False
Is 854 a factor of 24896897?
False
Is 99000310 a multiple of 5?
True
Does 10 divide 131256713?
False
Is 805 a factor of 442836695?
False
Is 15 a factor of 56195415?
True
Is 900 a factor of 1852452476?
False
Does 4 divide 3080714?
False
Does 19 divide 245866783?
True
Is 47478795 a multiple of 245?
True
Is 9168444 a multiple of 9?
True
Does 5 divide 23525515?
True
Is 352771038 a multiple of 81?
True
Does 12 divide 15072420?
True
Is 3272886 a multiple of 6?
True
Does 37 divide 653515053?
True
Is 5 a factor of 1384146?
False
Is 31 a factor of 1080572673?
True
Is 20226440 a multiple of 230?
False
Is 596 a factor of 349756640?
True
Is 218 a factor of 1783379956?
True
Is 7458304 a multiple of 224?
True
Is 267622089 a multiple of 23?
True
Is 35116110 a multiple of 649?
False
Is 374186864 a multiple of 446?
True
Is 450 a factor of 774132300?
True
Is 4846791296 a multiple of 1041?
False
Is 58 a factor of 114316152?
False
Is 501 a factor of 2256966420?
False
Does 66 divide 323459554?
False
Does 71 divide 23524677?
False
Does 576 divide 370293120?
True
Does 12622 divide 5599707375?
False
Is 160 a factor of 122030572?
False
Is 1686 a factor of 344176668?
True
Is 37 a factor of 246367238?
True
Is 119 a factor of 13488769?
True
Does 28 divide 46350356?
False
Is 56785428 a multiple of 378?
True
Is 77749272 a multiple of 15?
False
Does 33 divide 58203070?
False
Is 124051983 a multiple of 1821?
True
Is 332026365 a multiple of 4?
False
Is 372 a factor of 65817588?
True
Is 4 a factor of 13926977?
False
Is 8694728 a multiple of 56?
True
Is 1925 a factor of 63700175?
True
Is 566 a factor of 56654296?
False
Does 5467 divide 90396545?
False
Is 409391569 a multiple of 3654?
False
Does 10 divide 2190440?
True
Is 2158595443 a multiple of 31?
False
Is 210340152 a multiple of 88?
True
Does 6 divide 119012858?
False
Is 244530335 a multiple of 19?
False
Is 18 a factor of 2436893709?
False
Does 386 divide 671901322?
True
Is 4882615 a multiple of 3?
False
Does 10 divide 166672600?
True
Does 30 divide 50484321?
False
Does 326 divide 210941560?
True
Does 305 divide 33316919?
False
Is 383 a factor of 6265871?
False
Is 133 a factor of 201460539?
False
Is 27915322 a multiple of 383?
False
Does 38 divide 148369784?
True
Is 2349 a factor of 22024224?
True
Is 1862305296 a multiple of 348?
True
Is 161009010 a multiple of 1335?
True
Is 92350681 a multiple of 355?
False
Does 15 divide 396059699?
False
Is 7329242883 a multiple of 32?
False
Is 132620760 a multiple of 190?
True
Does 29 divide 14958171?
True
Does 103 divide 332051974?
False
Is 1555872 a multiple of 8?
True
Does 8 divide 43534162?
False
Does 75 divide 145941555?
False
Is 12727070 a multiple of 10?
True
Does 1303 divide 66640115?
False
Is 2870 a factor of 3197920460?
True
Is 390751333 a multiple of 613?
True
Does 1201 divide 6302255907?
True
Is 2028582651 a multiple of 70